{"id":20,"date":"2021-02-10T12:03:46","date_gmt":"2021-02-10T12:03:46","guid":{"rendered":"http:\/\/www.davidsandgoliath.cz\/?page_id=20"},"modified":"2021-04-09T07:16:33","modified_gmt":"2021-04-09T07:16:33","slug":"contact","status":"publish","type":"page","link":"https:\/\/www.davidsandgoliath.cz\/index.php\/en\/contact\/","title":{"rendered":"Contact"},"content":{"rendered":"\n<h2 class=\"has-text-align-center\">     <br><br><strong>Contact:<\/strong><\/h2>\n\n\n\n<h2 class=\"has-text-align-center\">If You have any questions, please contact us.<\/h2>\n\n\n\n<h2 class=\"has-text-align-center\">milan.kajinek@seznam.cz<\/h2>\n\n\n\n<p>      <br><br><\/p>\n\n\n\n<p class=\"has-text-align-center has-medium-font-size\"><strong>You can also find us on:<\/strong><\/p>\n\n\n\n<div class=\"wp-block-image\"><figure class=\"aligncenter is-resized\"><a href=\"https:\/\/www.facebook.com\/komiksdavidoveagolias\"><img loading=\"lazy\" src=\"https:\/\/external-content.duckduckgo.com\/iu\/?u=https%3A%2F%2Ftse1.mm.bing.net%2Fth%3Fid%3DOIP.55DCXbXlKDgEBoZhKxpzLAHaHa%26pid%3DApi&amp;f=1\" alt=\"\" width=\"88\" height=\"88\"\/><\/a><\/figure><\/div>\n\n\n\n<div class=\"wp-block-image\"><figure class=\"aligncenter is-resized\"><a href=\"https:\/\/www.youtube.com\/channel\/UCpI1I14uLtXcShtju44SY4g\"><img loading=\"lazy\" src=\"https:\/\/external-content.duckduckgo.com\/iu\/?u=https%3A%2F%2Ftse1.mm.bing.net%2Fth%3Fid%3DOIP.DBNYq0h89Ud-u9APKp1doQHaDH%26pid%3DApi&amp;f=1\" alt=\"\" width=\"130\" height=\"55\"\/><\/a><\/figure><\/div>\n\n\n\n<p class=\"has-white-color has-text-color\">Lidsk\u00e1 pr\u00e1va v \u010c\u00edn\u011b<\/p>\n\n\n\n<p class=\"has-white-color has-text-color\">Lidsk\u00e1 pr\u00e1va v \u010c\u00edn\u011b<\/p>\n\n\n\n<div class=\"wp-block-image is-style-default\"><figure class=\"aligncenter size-large is-resized\"><img loading=\"lazy\" src=\"https:\/\/www.davidsandgoliath.cz\/wp-content\/uploads\/2021\/02\/davidove_golias_komiks_cz-logo.jpg\" alt=\"\" class=\"wp-image-53\" width=\"100\" height=\"100\" srcset=\"https:\/\/www.davidsandgoliath.cz\/wp-content\/uploads\/2021\/02\/davidove_golias_komiks_cz-logo.jpg 800w, https:\/\/www.davidsandgoliath.cz\/wp-content\/uploads\/2021\/02\/davidove_golias_komiks_cz-logo-300x300.jpg 300w, https:\/\/www.davidsandgoliath.cz\/wp-content\/uploads\/2021\/02\/davidove_golias_komiks_cz-logo-150x150.jpg 150w, https:\/\/www.davidsandgoliath.cz\/wp-content\/uploads\/2021\/02\/davidove_golias_komiks_cz-logo-768x768.jpg 768w\" sizes=\"(max-width: 100px) 100vw, 100px\" \/><\/figure><\/div>\n","protected":false},"excerpt":{"rendered":"<p>Contact: If You have any questions, please contact us. milan.kajinek@seznam.cz You can also find us on: Lidsk\u00e1 pr\u00e1va v \u010c\u00edn\u011b Lidsk\u00e1 pr\u00e1va v \u010c\u00edn\u011b<\/p>\n","protected":false},"author":1,"featured_media":0,"parent":0,"menu_order":0,"comment_status":"closed","ping_status":"closed","template":"","meta":[],"_links":{"self":[{"href":"https:\/\/www.davidsandgoliath.cz\/index.php\/wp-json\/wp\/v2\/pages\/20"}],"collection":[{"href":"https:\/\/www.davidsandgoliath.cz\/index.php\/wp-json\/wp\/v2\/pages"}],"about":[{"href":"https:\/\/www.davidsandgoliath.cz\/index.php\/wp-json\/wp\/v2\/types\/page"}],"author":[{"embeddable":true,"href":"https:\/\/www.davidsandgoliath.cz\/index.php\/wp-json\/wp\/v2\/users\/1"}],"replies":[{"embeddable":true,"href":"https:\/\/www.davidsandgoliath.cz\/index.php\/wp-json\/wp\/v2\/comments?post=20"}],"version-history":[{"count":14,"href":"https:\/\/www.davidsandgoliath.cz\/index.php\/wp-json\/wp\/v2\/pages\/20\/revisions"}],"predecessor-version":[{"id":844,"href":"https:\/\/www.davidsandgoliath.cz\/index.php\/wp-json\/wp\/v2\/pages\/20\/revisions\/844"}],"wp:attachment":[{"href":"https:\/\/www.davidsandgoliath.cz\/index.php\/wp-json\/wp\/v2\/media?parent=20"}],"curies":[{"name":"wp","href":"https:\/\/api.w.org\/{rel}","templated":true}]}}